{"id":71,"date":"2026-03-30T15:26:19","date_gmt":"2026-03-30T13:26:19","guid":{"rendered":"https:\/\/www.buergerverein-erkerode-lucklum.de\/?page_id=71"},"modified":"2026-04-10T17:49:29","modified_gmt":"2026-04-10T15:49:29","slug":"news","status":"publish","type":"page","link":"https:\/\/www.buergerverein-erkerode-lucklum.de\/","title":{"rendered":"News"},"content":{"rendered":"<ul class=\"wp-block-latest-posts__list is-grid columns-3 has-dates wp-block-latest-posts\"><li><div class=\"wp-block-latest-posts__featured-image\"><img loading=\"lazy\" decoding=\"async\" width=\"300\" height=\"177\" src=\"https:\/\/www.buergerverein-erkerode-lucklum.de\/wp-content\/uploads\/2026\/05\/Weinfest-300x177.jpeg\" class=\"attachment-medium size-medium wp-post-image\" alt=\"\" style=\"\" srcset=\"https:\/\/www.buergerverein-erkerode-lucklum.de\/wp-content\/uploads\/2026\/05\/Weinfest-300x177.jpeg 300w, https:\/\/www.buergerverein-erkerode-lucklum.de\/wp-content\/uploads\/2026\/05\/Weinfest-1024x604.jpeg 1024w, https:\/\/www.buergerverein-erkerode-lucklum.de\/wp-content\/uploads\/2026\/05\/Weinfest-768x453.jpeg 768w, https:\/\/www.buergerverein-erkerode-lucklum.de\/wp-content\/uploads\/2026\/05\/Weinfest.jpeg 1179w\" sizes=\"auto, (max-width: 300px) 100vw, 300px\" \/><\/div><a class=\"wp-block-latest-posts__post-title\" href=\"https:\/\/www.buergerverein-erkerode-lucklum.de\/?p=175\">Weinfest 2026 jetzt vormerken!<\/a><time datetime=\"2026-05-10T13:16:15+02:00\" class=\"wp-block-latest-posts__post-date\">10. Mai 2026<\/time><div class=\"wp-block-latest-posts__post-excerpt\">Auch in diesem Jahr richten wir wieder ein Weinfest aus. Alle B\u00fcrgerinnen und B\u00fcrger, ob <a class=\"more-link\" href=\"https:\/\/www.buergerverein-erkerode-lucklum.de\/?p=175\">Weiterlesen\u00a0\u2026<\/a><\/div><\/li>\n<li><div class=\"wp-block-latest-posts__featured-image\"><img loading=\"lazy\" decoding=\"async\" width=\"300\" height=\"225\" src=\"https:\/\/www.buergerverein-erkerode-lucklum.de\/wp-content\/uploads\/2026\/05\/Boule-300x225.jpeg\" class=\"attachment-medium size-medium wp-post-image\" alt=\"\" style=\"\" srcset=\"https:\/\/www.buergerverein-erkerode-lucklum.de\/wp-content\/uploads\/2026\/05\/Boule-300x225.jpeg 300w, https:\/\/www.buergerverein-erkerode-lucklum.de\/wp-content\/uploads\/2026\/05\/Boule-1024x768.jpeg 1024w, https:\/\/www.buergerverein-erkerode-lucklum.de\/wp-content\/uploads\/2026\/05\/Boule-768x576.jpeg 768w, https:\/\/www.buergerverein-erkerode-lucklum.de\/wp-content\/uploads\/2026\/05\/Boule-1536x1152.jpeg 1536w, https:\/\/www.buergerverein-erkerode-lucklum.de\/wp-content\/uploads\/2026\/05\/Boule.jpeg 1600w\" sizes=\"auto, (max-width: 300px) 100vw, 300px\" \/><\/div><a class=\"wp-block-latest-posts__post-title\" href=\"https:\/\/www.buergerverein-erkerode-lucklum.de\/?p=168\">Boule-News<\/a><time datetime=\"2026-05-10T13:11:11+02:00\" class=\"wp-block-latest-posts__post-date\">10. Mai 2026<\/time><div class=\"wp-block-latest-posts__post-excerpt\">Das Boule spielen ist seit langem eine feste Gr\u00f6\u00dfe in unserer Gemeinde. Spielbegeisterte treffen sich <a class=\"more-link\" href=\"https:\/\/www.buergerverein-erkerode-lucklum.de\/?p=168\">Weiterlesen\u00a0\u2026<\/a><\/div><\/li>\n<li><div class=\"wp-block-latest-posts__featured-image\"><img loading=\"lazy\" decoding=\"async\" width=\"300\" height=\"194\" src=\"https:\/\/www.buergerverein-erkerode-lucklum.de\/wp-content\/uploads\/2026\/05\/Maennerkochen-300x194.png\" class=\"attachment-medium size-medium wp-post-image\" alt=\"\" style=\"\" srcset=\"https:\/\/www.buergerverein-erkerode-lucklum.de\/wp-content\/uploads\/2026\/05\/Maennerkochen-300x194.png 300w, https:\/\/www.buergerverein-erkerode-lucklum.de\/wp-content\/uploads\/2026\/05\/Maennerkochen-1024x663.png 1024w, https:\/\/www.buergerverein-erkerode-lucklum.de\/wp-content\/uploads\/2026\/05\/Maennerkochen-768x497.png 768w, https:\/\/www.buergerverein-erkerode-lucklum.de\/wp-content\/uploads\/2026\/05\/Maennerkochen-1536x994.png 1536w, https:\/\/www.buergerverein-erkerode-lucklum.de\/wp-content\/uploads\/2026\/05\/Maennerkochen.png 1928w\" sizes=\"auto, (max-width: 300px) 100vw, 300px\" \/><\/div><a class=\"wp-block-latest-posts__post-title\" href=\"https:\/\/www.buergerverein-erkerode-lucklum.de\/?p=164\">M\u00e4nnerkochen<\/a><time datetime=\"2026-05-10T13:08:13+02:00\" class=\"wp-block-latest-posts__post-date\">10. Mai 2026<\/time><div class=\"wp-block-latest-posts__post-excerpt\">In unregelm\u00e4\u00dfigen Abst\u00e4nden treffen sich jeweils freitags ab 18 Uhr kochbegeisterte M\u00e4nner aus der Umgebung, <a class=\"more-link\" href=\"https:\/\/www.buergerverein-erkerode-lucklum.de\/?p=164\">Weiterlesen\u00a0\u2026<\/a><\/div><\/li>\n<\/ul>","protected":false},"excerpt":{"rendered":"","protected":false},"author":1,"featured_media":0,"parent":0,"menu_order":0,"comment_status":"closed","ping_status":"closed","template":"","meta":{"footnotes":""},"class_list":["post-71","page","type-page","status-publish","hentry"],"_links":{"self":[{"href":"https:\/\/www.buergerverein-erkerode-lucklum.de\/index.php?rest_route=\/wp\/v2\/pages\/71","targetHints":{"allow":["GET"]}}],"collection":[{"href":"https:\/\/www.buergerverein-erkerode-lucklum.de\/index.php?rest_route=\/wp\/v2\/pages"}],"about":[{"href":"https:\/\/www.buergerverein-erkerode-lucklum.de\/index.php?rest_route=\/wp\/v2\/types\/page"}],"author":[{"embeddable":true,"href":"https:\/\/www.buergerverein-erkerode-lucklum.de\/index.php?rest_route=\/wp\/v2\/users\/1"}],"replies":[{"embeddable":true,"href":"https:\/\/www.buergerverein-erkerode-lucklum.de\/index.php?rest_route=%2Fwp%2Fv2%2Fcomments&post=71"}],"version-history":[{"count":3,"href":"https:\/\/www.buergerverein-erkerode-lucklum.de\/index.php?rest_route=\/wp\/v2\/pages\/71\/revisions"}],"predecessor-version":[{"id":141,"href":"https:\/\/www.buergerverein-erkerode-lucklum.de\/index.php?rest_route=\/wp\/v2\/pages\/71\/revisions\/141"}],"wp:attachment":[{"href":"https:\/\/www.buergerverein-erkerode-lucklum.de\/index.php?rest_route=%2Fwp%2Fv2%2Fmedia&parent=71"}],"curies":[{"name":"wp","href":"https:\/\/api.w.org\/{rel}","templated":true}]}}